 a factor of 2278937?
False
Is 443688 a multiple of 42?
True
Is 632 a factor of 2033776?
True
Is 770535 a multiple of 8?
False
Does 3 divide 6172998?
True
Is 31 a factor of 415555?
True
Does 37 divide 193445?
False
Is 438 a factor of 3101040?
True
Does 33 divide 27010768?
False
Does 8 divide 5748448?
True
Does 58 divide 96675?
False
Is 3606885 a multiple of 5?
True
Does 7 divide 21368382?
True
Does 162 divide 1458?
True
Is 199407 a multiple of 2?
False
Does 11 divide 133045?
True
Is 41 a factor of 90514?
False
Is 120 a factor of 62400?
True
Is 336354 a multiple of 14?
False
Is 203730 a multiple of 10?
True
Does 4 divide 58487?
False
Is 1538 a factor of 13076240?
False
Does 105 divide 5305324?
False
Is 568 a factor of 2958712?
True
Does 42 divide 764256?
False
Does 9 divide 41879?
False
Does 42 divide 959280?
True
Is 275394 a multiple of 14?
True
Does 971 divide 5545724?
False
Is 10 a factor of 61620?
True
Is 19 a factor of 1136459?
False
Is 2662348 a multiple of 15?
False
Is 476 a factor of 16243976?
True
Is 267 a factor of 58068?
False
Is 1482528 a multiple of 24?
True
Is 34 a factor of 3353240?
False
Is 14 a factor of 14685?
False
Is 84222 a multiple of 10?
False
Is 458 a factor of 993642?
False
Is 308568 a multiple of 69?
True
Is 134994 a multiple of 81?
False
Is 13379610 a multiple of 57?
True
Does 9 divide 6873742?
False
Is 13 a factor of 173470?
False
Does 2 divide 734971?
False
Is 4539409 a multiple of 7?
True
Does 3 divide 10741?
False
Is 522948 a multiple of 12?
True
Does 548 divide 3906537?
False
Does 775 divide 1060200?
True
Is 36 a factor of 601884?
True
Is 19 a factor of 8906?
False
Does 8 divide 35148?
False
Is 1105281 a multiple of 967?
True
Is 35745 a multiple of 328?
False
Does 437 divide 265696?
True
Does 22 divide 493548?
True
Is 32 a factor of 30998?
False
Does 29 divide 27434?
True
Is 25 a factor of 99300?
True
Is 17 a factor of 354760?
False
Is 1109 a factor of 683002?
False
Is 3 a factor of 423582?
True
Does 19 divide 3825370?
False
Is 366965 a multiple of 24?
False
Is 7 a factor of 8968?
False
Is 341718 a multiple of 6?
True
Is 81 a factor of 4069683?
True
Is 26 a factor of 313168?
False
Does 32 divide 216576?
True
Is 93 a factor of 1867440?
True
Is 280305 a multiple of 38?
False
Is 2059061 a multiple of 226?
False
Does 45 divide 3150802?
False
Does 132 divide 34320?
True
Does 140 divide 2790480?
True
Is 225436 a multiple of 49?
False
Does 14 divide 90986?
True
Is 70 a factor of 10242470?
True
Does 917 divide 1951376?
True
Is 70 a factor of 4814321?
False
Is 356 a factor of 1136352?
True
Is 256050 a multiple of 45?
True
Is 6 a factor of 20760?
True
Is 28 a factor of 6007505?
False
Is 2511262 a multiple of 26?
True
Does 3 divide 192652?
False
Does 6 divide 27936?
True
Does 9 divide 1882701?
True
Is 181 a factor of 110953?
True
Is 5624610 a multiple of 626?
True
Is 15 a factor of 26916712?
False
Is 16 a factor of 303936?
True
Is 5 a factor of 564829?
False
Does 46 divide 1057080?
True
Is 705165 a multiple of 159?
True
Does 15 divide 752400?
True
Is 6324 a multiple of 51?
True
Is 770350 a multiple of 10?
True
Is 577136 a multiple of 4?
True
Does 24 divide 1364520?
True
Does 63 divide 82222?
False
Is 15 a factor of 70950?
True
Does 230 divide 997510?
True
Does 4 divide 31218?
False
Is 129 a factor of 129531?
False
Does 2 divide 183045?
False
Is 10 a factor of 75081?
False
Is 72 a factor of 136008?
True
Is 25 a factor of 172050?
True
Does 314 divide 3039520?
True
Does 306 divide 449281?
False
Does 27 divide 6396445?
False
Does 64 divide 146432?
True
Is 14 a factor of 356502?
False
Is 673200 a multiple of 90?
True
Is 47163 a multiple of 4?
False
Is 18 a factor of 947502?
True
Does 18 divide 140760?
True
Does 1864 divide 9647451?
False
Is 73 a factor of 1089699?
False
Is 290 a factor of 574490?
True
Is 293 a factor of 2717736?
False
Is 621674 a multiple of 685?
False
Is 44 a factor of 5143776?
True
Is 382356 a multiple of 26?
True
Is 21 a factor of 24129?
True
Is 26 a factor of 631058?
False
Is 24 a factor of 284332?
False
Is 25270 a multiple of 361?
True
Is 5828 a multiple of 2?
True
Does 147 divide 2018315?
False
Is 822378 a multiple of 41?
True
Is 356 a factor of 187612?
True
Does 4 divide 314310?
False
Is 107906 a multiple of 331?
True
Does 9 divide 62802?
True
Is 18 a factor of 229714?
False
Is 671593 even?
False
Is 196150 a multiple of 25?
True
Is 1271157 a multiple of 316?
False
Does 608 divide 332576?
True
Is 2270501 a multiple of 37?
False
Is 8 a factor of 2127354?
False
Is 61 a factor of 95924?
False
Does 28 divide 639296?
True
Is 9 a factor of 5415022?
False
Is 255662 a multiple of 6?
False
Does 51 divide 176766?
True
Does 13 divide 9815?
True
Is 380 a factor of 14582120?
True
Does 859 divide 5988089?
True
Is 15 a factor of 241275?
True
Is 370921 a multiple of 15?
False
Is 33 a factor of 75489?
False
Is 60599 a multiple of 5?
False
Is 17 a factor of 1306246?
True
Is 105 a factor of 24045?
True
Does 11 divide 412302?
True
Is 682955 a multiple of 455?
True
Is 812701 a multiple of 10?
False
Does 4 divide 39980?
True
Does 3 divide 194256?
True
Is 51 a factor of 5518428?
False
Is 74 a factor of 240056?
True
Is 57 a factor of 584748?
False
Is 494197 a multiple of 14?
False
Is 1184918 a multiple of 214?
True
Is 41 a factor of 42132?
False
Is 14 a factor of 299530?
True
Is 67 a factor of 44431?
False
Is 37 a factor of 35187?
True
Does 12 divide 76776?
True
Is 65528 a multiple of 9?
False
Is 259485 a multiple of 15?
True
Is 5 a factor of 78040?
True
Does 18 divide 7139664?
True
Is 997407 a multiple of 369?
True
Does 5 divide 4415831?
False
Is 1311277 a multiple of 448?
False
Does 24 divide 10126920?
True
Is 6768372 a multiple of 299?
False
Does 21 divide 6942873?
True
Is 599 a factor of 14606465?
False
Is 1393484 a multiple of 4?
True
Is 1689811 a multiple of 128?
False
Is 1971561 a multiple of 4?
False
Is 62 a factor of 1790374?
True
Is 14950 a multiple of 196?
False
Is 432 a factor of 2844442?
False
Is 5 a factor of 35617?
False
Does 4 divide 188699?
False
Is 550 a factor of 6245800?
True
Does 101 divide 79243?
False
Is 29 a factor of 321697?
True
Is 35 a factor of 501025?
True
Does 93 divide 108159?
True
Is 385 a factor of 309925?
True
Is 120 a factor of 6584040?
True
Is 37882 a multiple of 62?
True
Is 458819 a multiple of 104?
False
Is 1894101 a multiple of 11?
True
Is 422 a factor of 205310?
False
Is 1155405 a multiple of 255?
True
Is 3889128 a multiple of 393?
True
Is 208725 a multiple of 15?
True
Is 198523 a multiple of 288?
False
Does 140 divide 4307940?
True
Does 182 divide 572936?
True
Is 173940 a multiple of 669?
True
Does 6 divide 3748?
False
Does 63 divide 891891?
True
Does 305 divide 40358?
False
Does 28 divide 885584?
True
Is 678240 a multiple of 432?
True
Is 126 a factor of 1043785?
False
Is 860833 a multiple of 3?
False
Is 60 a factor of 68400?
True
Is 3165226 a multiple of 457?
False
Is 307 a factor of 10563563?
True
Is 9228098 a multiple of 37?
False
Is 6 a factor of 40971?
False
Is 5 a factor of 5234?
False
Does 15 divide 179207?
False
Does 9 divide 233393?
False
Is 88 a factor of 1041764?
False
Does 3 divide 28017?
True
Does 125 divide 1356107?
False
Does 8 divide 117192?
True
Does 20 divide 204329?
False
Is 7834387 a multiple of 121?
True
Does 131 divide 687368?
False
Is 2759418 a multiple of 18?
True
Is 75912 a multiple of 12?
True
Is 737491 a multiple of 135?
False
Is 536792 a multiple of 17?
True
Does 193 divide 42653?
True
Is 82 a factor of 804811?
False
Is 213058 a multiple of 5?
False
Does 143 divide 111397?
True
Is 404985 a multiple of 133?
True
Does 58 divide 46303?
False
Does 112 divide 50344?
False
Is 8 a factor of 1771024?
True
Does 260 divide 4280900?
True
Is 265 a factor of 151115?
False
Does 4 divide 10860?
True
Is 7 a factor of 280066?
False
Is 15 a factor of 3590160?
True
Is 775 a factor of 20938175?
True
Is 465 a factor of 411990?
True
Is 39 a factor of 49335?
True
Does 731 divide 7874377?
False
Does 14 divide 65842?
True
Does 8 divide 1585768?
True
Is 71 a factor of 75869?
False
Is 2979696 a multiple of 10?
False
Is 1036 a factor of 3693340?
True
Is 259261 a multiple of 107?
True
Is 39 a factor of 1120058?
False
Is 50410 a multiple of 225?
False
Is 4 a factor of 678284?
True
Does 